{"version":"1.0","provider_name":"Equestrian Canada","provider_url":"https:\/\/equestrian.ca\/fr\/","title":"Voir, c\u2019est croire - Equestrian Canada","type":"rich","width":600,"height":338,"html":"<blockquote class=\"wp-embedded-content\" data-secret=\"le2NAjN7gc\"><a href=\"https:\/\/equestrian.ca\/fr\/anciens-articles\/voir-cest-croire\/\">Voir, c\u2019est croire<\/a><\/blockquote><iframe sandbox=\"allow-scripts\" security=\"restricted\" src=\"https:\/\/equestrian.ca\/fr\/anciens-articles\/voir-cest-croire\/embed\/#?secret=le2NAjN7gc\" width=\"600\" height=\"338\" title=\"&laquo; Voir, c\u2019est croire &raquo; &#8212; Equestrian Canada\" data-secret=\"le2NAjN7gc\" frameborder=\"0\" marginwidth=\"0\" marginheight=\"0\" scrolling=\"no\" class=\"wp-embedded-content\"><\/iframe><script type=\"text\/javascript\">\n\/* <![CDATA[ *\/\n\/*! This file is auto-generated *\/\n!function(d,l){\"use strict\";l.querySelector&&d.addEventListener&&\"undefined\"!=typeof URL&&(d.wp=d.wp||{},d.wp.receiveEmbedMessage||(d.wp.receiveEmbedMessage=function(e){var t=e.data;if((t||t.secret||t.message||t.value)&&!\/[^a-zA-Z0-9]\/.test(t.secret)){for(var s,r,n,a=l.querySelectorAll('iframe[data-secret=\"'+t.secret+'\"]'),o=l.querySelectorAll('blockquote[data-secret=\"'+t.secret+'\"]'),c=new RegExp(\"^https?:$\",\"i\"),i=0;i<o.length;i++)o[i].style.display=\"none\";for(i=0;i<a.length;i++)s=a[i],e.source===s.contentWindow&&(s.removeAttribute(\"style\"),\"height\"===t.message?(1e3<(r=parseInt(t.value,10))?r=1e3:~~r<200&&(r=200),s.height=r):\"link\"===t.message&&(r=new URL(s.getAttribute(\"src\")),n=new URL(t.value),c.test(n.protocol))&&n.host===r.host&&l.activeElement===s&&(d.top.location.href=t.value))}},d.addEventListener(\"message\",d.wp.receiveEmbedMessage,!1),l.addEventListener(\"DOMContentLoaded\",function(){for(var e,t,s=l.querySelectorAll(\"iframe.wp-embedded-content\"),r=0;r<s.length;r++)(t=(e=s[r]).getAttribute(\"data-secret\"))||(t=Math.random().toString(36).substring(2,12),e.src+=\"#?secret=\"+t,e.setAttribute(\"data-secret\",t)),e.contentWindow.postMessage({message:\"ready\",secret:t},\"*\")},!1)))}(window,document);\n\/\/# sourceURL=https:\/\/equestrian.ca\/wp-includes\/js\/wp-embed.min.js\n\/* ]]> *\/\n<\/script>\n","thumbnail_url":"https:\/\/equestrian.ca\/wp-content\/uploads\/2023\/09\/Picture1.jpg","thumbnail_width":1082,"thumbnail_height":722,"description":"La page Instagram Black Equestrians contribue \u00e0 deux \u00e9l\u00e9ments vitaux : la repr\u00e9sentation et la justice sociale au sein de la communaut\u00e9 Une image vaut mille mots. C\u2019est une fen\u00eatre qui s\u2019ouvre sur un monde nouveau. Jeaneva \u00ab\u2009Jen\u2009\u00bb Spencer se rappelle qu\u2019enfant, elle aimait regarder de belles photos de chevaux dans un livre grand format. [&hellip;]"}

La page Instagram Black Equestrians contribue à deux éléments vitaux : la représentation et la justice sociale au sein de la communauté Une image vaut mille mots. C’est une fenêtre qui s’ouvre sur un monde nouveau. Jeaneva « Jen » Spencer se rappelle qu’enfant, elle aimait regarder de belles photos de chevaux dans un livre grand format. [&hellip;]
